= 0. Let r(b) = 4*b**3 - 5*b**3 + 1 + f*b**2 - 3 - 2*b. Let x = 12076 + -12073. Give r(x).
1
Let a(i) = i + 6. Suppose 0 = -s - 32 + 47. Suppose 0 = -5*y - 2*u - s, -8 = 4*y + u + 7. Calculate a(y).
1
Let d(t) be the second derivative of t**4/2 + t**3/3 - t**2 - 243*t. Calculate d(-3).
46
Let q be (-246)/(-4)*(114/18 - 9). Let m = q - -167. Let c(t) = -t**2 + 2*t + 3. Calculate c(m).
0
Let o(w) be the third derivative of -w**6/30 - w**5/60 - w**4/24 - 1666*w**2. Let t = -11 - -18. Suppose -t*x + 2*x - 5 = 0. Calculate o(x).
4
Let s(g) be the second derivative of -2*g**3/3 - 3*g**2 + 761*g. Determine s(-8).
26
Let i(r) = -r - 17. Let s(d) = d**3 - 15*d**2 + 18*d - 52. Let f be s(14). Suppose f*j = 6*j, 0 = -5*o + j - 35. What is i(o)?
-10
Let f(q) = 2*q**3 + q**2 + q + 1. Let d(j) = -j**2 - 7*j + 6. Let a = -200 + 192. Let g be d(a). Calculate f(g).
-13
Suppose -7*j = -12*j - l + 38, j + 4*l = 0. Let z(n) = -2*n + 4*n - n + 2. Determine z(j).
10
Let o(t) = -4*t + 52. Let v be -193 - -203 - (-4 - -1). What is o(v)?
0
Let b(q) be the third derivative of 0*q + 0 - 1/4*q**4 - 1/60*q**5 + 11/6*q**3 - 32*q**2. Suppose 7 = -z - j, z - j + 6 = -3*j. What is b(z)?
-5
Let z(o) = 13*o - 212. Let l(g) = -11*g + 192. Let s(d) = 4*l(d) + 3*z(d). Determine s(27).
-3
Let q(u) be the second derivative of -u**3/6 + 27*u**2/2 - 1405*u + 1. Determine q(-19).
46
Let x be (1*(-1)/2)/((-5)/30). Suppose -o = -x*b - 19, -b - 2*o - 28 = 4*b. Let i(q) = q**2 + 10*q + 5. Determine i(b).
-19
Let n(h) = 33*h**3 + 12*h**2 + h + 7. Let x(c) = 20*c**3 + 6*c**2 + c + 3. Let j(v) = 3*n(v) - 5*x(v). Let g = -2 - -8. What is j(g)?
-6
Let s(a) = -2*a**2 + 8*a + 18. Let k be (54/(-24))/(54/(-144)). Calculate s(k).
-6
Let h(x) = -24*x**3 - 2*x**2 - 3*x - 2. Let c = 5861 - 5862. Give h(c).
23
Let l(t) = 11*t + 107. Let q be (43 - 37) + 32/(-2). Calculate l(q).
-3
Let g(r) = -2*r - 8. Suppose 0 = 3*z + 7*z - 10. Let b be (-4)/z*(-8 - 74/(-8)). Determine g(b).
2
Suppose -28*m + 23*m - 140 = 0. Let t be 12/(-18)*(m + 1). Let a be 46/(-6) + 0 + (-6)/t. Let p(k) = -k**2 - 6*k + 10. Give p(a).
-6
Let q(d) be the first derivative of 13/2*d**2 - 73 - d. What is q(2)?
25
Let b(x) = -2*x**2 - 3*x - 11. Let k(a) = -a**2 - a. Let j(s) = b(s) - 3*k(s). Suppose 3*c - 3*w - 9 = 0, -5*c - 146 = 11*w - 33. Give j(c).
14
Let l(i) be the first derivative of 5*i**4/2 + 2*i**3/3 + 2*i**2 - 1056. Calculate l(-2).
-80
Let v(r) = 4*r + 5*r - 6*r**2 - 4*r - r**3 - 3*r + 13. Let j = 10389 - 10395. What is v(j)?
1
Let m(h) be the third derivative of 0*h - 2 - 5/12*h**4 + 1/60*h**5 - 5*h**2 - 2*h**3. Determine m(11).
-1
Let x = -479 - -481. Let b(m) = 4*m**3 - 8*m**2 + m + 1. Let d(j) = 3*j**3 - 7*j**2 - j - 1. Let v(t) = x*b(t) - 3*d(t). Give v(6).
-1
Let q(y) = -55*y + 21. Let z(i) = 42*i - 22. Let f(g) = -3*q(g) - 4*z(g). What is f(4)?
13
Let c(m) = 2*m - 7. Let q be c(4). Let o(i) = 27*i - 27*i + 2*i**3. Determine o(q).
2
Let y(d) = 5*d + 9. Suppose 0 = -13*r + 180 - 141. Determine y(r).
24
Let j(l) = 9*l - l**3 + 3 - 7*l**2 - 1 + 0. Suppose 25*h = 17*h + 24. Suppose -5*c = -b + 2*b + h, -3*b + 3*c - 27 = 0. Determine j(b).
-6
Let q(y) = -169 - 20 + 17*y - 9*y - 69*y. Determine q(-3).
-6
Let y(g) = -2*g**3 + 3*g**2 + 16*g**2 + 8 + 15*g**2 + 2*g - 46*g**2. Calculate y(-6).
-4
Let p(n) = 1346*n**2 - n - 4 + n**3 - 673*n**2 - 670*n**2. Calculate p(2).
14
Let m(z) be the second derivative of z**4/4 + 2*z**3/3 + z**2 - z. Suppose -w + 3*c = 144, w - 5*c = 6*w + 620. Let d = -131 - w. Determine m(d).
6
Let b(d) = 8*d + 87. Suppose -4*p - 5*o + 75 - 144 = 0, 39 = -4*p + o. Determine b(p).
-1
Let b(a) = 6*a + 101*a**2 + 3 + 3*a - 5*a - 102*a**2. Let l(p) = -p**2 + 3*p + 3. Let j be 2 + 0 + (-10)/2. Let z(g) = j*b(g) + 4*l(g). Calculate z(-3).
-6
Let r(m) be the third derivative of 5*m**4/24 + 14*m**3/3 - 1043*m**2. Calculate r(-7).
-7
Let f(a) = -a**2 + 8*a - 9. Let c(v) = 2*v**3 - 10*v**2 - 11*v + 104. Let x be c(6). Let l be ((-44)/x)/((-3)/30). Determine f(l).
7
Let w(c) be the first derivative of -7*c - 1/3*c**3 + 40 + 3*c**2. Suppose -5*v + 25 = -0*v. What is w(v)?
-2
Suppose 107*x = 117*x - 300. Let a(u) = -2 + 15*u - x*u + u**2 + 13*u. Determine a(3).
1
Let k(y) be the first derivative of -7*y - 3*y + 3*y - y**4 + 5*y + y**3 + 40. Calculate k(2).
-22
Suppose 63 = 4*v + 5*r, -3*r + 15 = 2*r. Suppose v*l - 12 = 14*l. Let z(k) = -k - 9. What is z(l)?
-3
Let h(s) = s**3 - 27*s**2 - 4. Let t be h(27). Let w be (t + (6/3 - -3))/(-1). Let r(d) = -19 - 14*d**2 + 3*d**2 + 11 + 9. Give r(w).
-10
Let p(n) = -n**2 + 35*n + 156. Let x be -5 - (6 + ((-2)/18 - (-1178)/(-171))). Determine p(x).
0
Let o(n) = -11*n + 1. Let t(a) = -a**3 + 3*a**2 + 10*a - 19. Let y be t(4). Suppose -3*p - y*i = -2*i, -2*i = 2. Calculate o(p).
-10
Let x(o) = -o**2 - 9*o + 12. Let r = 47 - 57. What is x(r)?
2
Let i(v) = -v**2 + 14*v + 138. Suppose 10*m + 25 = -38 - 7. What is i(m)?
-9
Let x(y) be the first derivative of y**4/4 + 2*y**3 - 9*y**2/2 + 99. Give x(-8).
-56
Let b(y) = -y**2 + 6*y + 5. Let q be (-4 - (-5 - 0))/1. Let g(z) = 5*z**3 + z**2 - z. Let a be g(q). Let s be (a/4)/((-68)/(-16) + -4). Calculate b(s).
10
Let f(k) = -11*k**2 - 3*k + 3. Suppose 20*o - 24*o = 3*a - 4, -5*a + 4 = 4*o. What is f(o)?
-11
Let h(t) = -t**3 + 3*t**2 - 4*t + 15. Suppose 3*u - 26 + 23 = 3*m, 0 = 4*u - 3*m - 7. Give h(u).
-17
Let v be (-95)/(-35) + 16/56. Let k(i) = 2*i + 24 - v + i**2 - 10 + 4*i - 5. What is k(-5)?
1
Let m = 4618 - 4623. Let f(n) = 18*n + 95. What is f(m)?
5
Let p(g) = -6*g - 1. Let q(c) = -3065*c + 3066*c - 3 + 3. Let j(w) = p(w) + 5*q(w). Calculate j(-9).
8
Let t(a) = a**2 + 2*a. Let u = 228 - 224. Let k(w) = -w**3 + 6*w**2 + 6*w. Let b(o) = u*t(o) - k(o). Give b(2).
4
Let u(k) be the second derivative of -k**4/12 + 5*k**3/6 - 589*k. Suppose -c + 4 = 2. Suppose -24 = -6*f + c*f. Calculate u(f).
-6
Let g = -15562 - -15562. Let b(h) be the first derivative of 22 - 23/3*h**3 - 1/2*h**2 + g*h. Calculate b(-1).
-22
Suppose 8*s - 8 + 0 = 16*s. Let c(j) = -57*j**2 + j + 1. What is c(s)?
-57
Let b(g) = -g - 1. Let l(d) = 3*d**2 - 3*d - 4. Let c(k) = -2*b(k) + l(k). Let q be (-11)/5 + (-7)/(-35) - 1. Let v be 4*(2/q)/(28/(-21)). What is c(v)?
8
Suppose -76 = 6*o - 4. Let d(w) = -w**2 - 11*w + 8. Let c be d(o). Let l(m) = 2*m**2 - 3*m**2 + 110 - 5*m - 113. What is l(c)?
1
Let n(k) = 5*k. Let q(m) = 1 + 33*m - 2*m - 10*m. Let f(s) = 9*n(s) - 2*q(s). Calculate f(1).
1
Let j(b) = b**2 + b + 13. Let a(v) = v**2 - 2*v - 1. Let u be a(3). Let p(h) = 19*h**2 - 3*h + 4. Let g be p(u). Let x = g - 74. Determine j(x).
13
Let s(l) = l. Let f(x) = -16*x + 6. Let t(d) = -d**2 + 17*d - 51. Let b be t(13). Let m(y) = b*f(y) + 12*s(y). Calculate m(5).
-14
Let i be ((-63)/3)/((18/(-4))/9). Let p(s) = -s**3 - 5 - 38*s**2 + 111*s**2 - i*s**2 + 3*s + 0*s**3 - 35*s**2. Determine p(-5).
5
Let m(h) = -149110685*h + 149110686*h - 14 + 1. Let q(w) = 10*w - 3. Let s be q(3). Let i be s/5 - 3/(-5). Give m(i).
-7
Let f(d) be the first derivative of -1/3*d**3 - 6*d + 2*d**2 + 11. Determine f(6).
-18
Let g(a) = 11*a - 2. Suppose -35*o - o = 0. Suppose -t - 7 + 4 = o. Give g(t).
-35
Let z(w) = 4*w**3 + 13*w**2 - 14*w + 13. Let x(u) = 3*u**3 + 12*u**2 - 13*u + 13. Let f(o) = -5*x(o) + 4*z(o). Suppose 0*k + 2*k - 14 = 0. Calculate f(k).
1
Let k(c) = -c**3 + 8*c**2 - 7*c - 6. Suppose 8 = 4*t, -2*b = 3*b - 5*t - 10. Let l be -982 - (b + (-3 - -4)). Let h be (-4)/(-14) + l/(-147). Give k(h).
-6
Let s(w) = w**3 + 12*w**2 + 10*w - 1. Suppose 3*f - 42 = -p, 0*p - 4*p = -2*f + 28. Let i = f - 2. Let r = -23 + i. Give s(r).
10
Let a(b) = -b**3 + 3*b**2 - 2*b - 1. Let z be (-3)/2 - (-2)/4. Let u be (-19 + 3)/(-2)*z. Let k(w) = -w - 6. Let r be k(u). Determine a(r).
-1
Let i(l) = -l**3 + 3*l + 2. Let s be i(-1). Suppose -22*p + 27*p - 40 = s. Suppose -3*w - 10 = p. Let t(q) = q**2 + 3*q + 4. Determine t(w).
22
Let p(v) = v**2 + 51*v + 183. Let c = -38189 + 38142. What is p(c)?
-5
Let s(d) = -2*d**2 - 20*d + 81. Let x be 6/15*(3 + -8)*(-988)/(-152). Determine s(x).
3
Let q(m) = 24*m**2 + 24 - 23*m**2 - 21 - 4*m. Let c be q(3). Let w(s) = s - 5. What is w(c)?
-5
Let y(p) = -p + 4. Let r = -174 + 189. Let u = r - 11. Give y(u).
0
Let u(s) be the second derivative of 1/3*s**3 - 1/2*s**2 + 1